6
(-7 - 6 - 32) + 13 - (-2 + 10 - 1)
-39
What is (66 - 93) + -11 - 20?
-58
What is 16 - (19 - (32 - (10 + -1)) - -153)?
-133
What is 187 - (196 + -73) - 40?
24
(2 - 2 - ((70 - -27) + 43)) + -1 + 13
-128
What is the value of (36 - (2 - (-18 - -2))) + 8?
26
What is the value of (78 + -1 - -1 - 3) + (72 - 90 - -29)?
86
Evaluate -20 - -9 - (-14 + 6) - (6 + -1).
-8
(-3 - (5 + -20)) + 14 + (-1 - 20) + -59
-54
Evaluate (6 - -2) + (14 - 41) + 18.
-1
34 + (-2 - 15) + -84 + 34
-33
What is (23 - (-16 + 42)) + 106 + (-2 - -26)?
127
Evaluate -22 - (1 + -1 - (23 + (-22 - 0))).
-21
-74 + 48 + (-15 - (-17 + 0))
-24
-3 + 26 - (15 + -14 + (-2 - 8))
32
Calculate -8 - (12 + (-7 - -1) + (8 - 5) - -27).
-44
What is (64 - 0) + 2 + -247 + 236 + -5?
50
Calculate (-939 - -797) + (-23 + 32 - (3 - (2 - 0))).
-134
Calculate 11 - (8 + (4 - (10 - 23))).
-14
Calculate -60 - (-12 + (24 - 14) + 13 + -17).
-54
What is the value of (5 - (37 + (-3 - -8))) + 4 + -2 + 3?
-32
What is the value of -27 + 69 + (-42 - -5)?
5
What is the value of -4 + 5 + -17 + (-13 - -45) + 109 + 3?
128
Evaluate 59 - (84 + -21) - 8.
-12
Calculate -38 + (3 - (-9 + 5 + 12)) - 9.
-52
What is 0 + (0 - (1 - 1) - -5) + 2246 + -2240?
11
Evaluate -13 - (12 + (10 - 22) - 1).
-12
Evaluate -4 + 37 - (4 - (-9 + (14 - -13))).
47
(-16 - (8 + -66) - (-3 - (-2 + 3))) + -1
45
What is the value of 7 + (-2 + 6 - -2 - (182 + -132) - 3)?
-40
What is 0 - 3 - (3 + (21 - 3) - (397 + -383))?
-10
Calculate -1335 + 1308 - (-51 - -1).
23
What is 28 - 11 - 4 - (-14 - (-34 - -23))?
16
Calculate (-68 - 0) + (-12 - 3) + 44 + -17 + -12.
-68
What is 1 + 32 - (47 + 78 - 45)?
-47
Evaluate 1 + -10 - (-60 - (-23 - -1) - 3).
32
What is -22 + (-2 - -1) + (46 - 39) + -7?
-23
What is the value of -122 + (59 - (23 + -32 + 33))?
-87
Evaluate 0 + 65 + (-82 - (4 + -21 - 49)).
49
What is -7 + (-21 - (-37 + 42))?
-33
What is 31 - 14 - (18 - (22 + -5))?
16
What is (-18 - 9) + 4 - 54 - (1 + (-2 - -2))?
-78
What is the value of 20 + (21 - (45 + -38)) + 1 + -22?
13
Evaluate 6 + 0 - (2 - (-5 + -27)).
-28
(21 - 16) + (26 - 5) + 45
71
Evaluate (-142 - -58) + 105 + -19.
2
What is the value of -15 + -90 + (13 - 5) - (38 - 39)?
-96
Calculate 4630 + -4731 + 2 + 149.
50
1 - -16 - ((13 - 15) + 23 + -9)
5
What is the value of 27 + -40 + 3 - -1 - (-116 + 1)?
106
Evaluate 38 - 63 - 16 - (1 + 2).
-44
What is the value of -17 + (-2 - (-4 - 6)) + -37?
-46
Evaluate (3 + (-6 - -1) - -1) + (-348 - -394).
45
Evaluate 14 - 8 - (109 + -120).
17
Evaluate (5 - 31) + (-3 - 0 - (-244 + 244)).
-29
What is -988 + 1016 - (0 + -1 + 11)?
18
Calculate (-29 - (14 + (20 - (2 + 14)))) + 11.
-36
Evaluate (12 + -23 - (-13 + 1)) + (3 - -2) + 5.
11
Evaluate 2222 + -2262 + 87 + -1 + 45.
91
-51 + (8 - 17) + 17 + 5 + -2 + -3
-43
What is the value of (40 + 67 - 58) + -65?
-16
(2 - -29 - (1 + 2 + 5)) + 12 + -4
31
Evaluate -14 - (-8 - (26 - 8)) - (-8 - -5).
15
Evaluate (37 + -39 + 26 - 16) + -23.
-15
What is -47 + 11 + 53 + -48?
-31
What is 42 + -62 + (-28 - -20)?
-28
(25 - (-76 + 33 - -8)) + 15
75
Calculate (24 - (9 + 1)) + (0 + 1 - -5).
20
(75 - (2 + -3) - (953 - 950)) + 3
76
What is 2 + (12 - 22 - (-1 + -27))?
20
Evaluate (-2 - (-1 + 6)) + (-1 - (-1 - (10 + -2))).
1
Evaluate -58 + (16 - 2) - (-4 + 7).
-47
Calculate (-119 + 175 - 47) + 0 + 0 + -5.
4
26 - (-1 + (-3 - -1)) - (2567 + -2572)
34
What is (-8 - 1) + (35 - (2 - ((15 - 37) + 12)))?
14
What is the value of 3 + -47 - (-19 + (-7 - (-28 - -6)))?
-40
What is -65 - -58 - (0 - (68 - (2 + 11)))?
48
What is the value of 45 + -3 - (3 + -15 - -23) - -8?
39
What is (32 - (21 + -45 + 48)) + (1 - -7)?
16
-18 + -65 - (14 - 9)
-88
What is 7 + (21 - 3) + -76 + 9?
-42
Calculate 8 + (-2 + -21 - (-9 + -2)) - (-17 - 3).
16
What is -2 + -9 - (-4 + -1 - (-779 + 761))?
-24
Calculate -1 - -2 - (27 + 12 - (0 - -5)).
-33
-71 + 56 - -22 - 90
-83
(-12 - 0 - (307 - 328)) + -35
-26
Evaluate 28 + -21 + -47 + 47.
7
What is (0 - 3) + 0 + -32 - (-42 + (-2 - -37))?
-28
What is (84 + -33 - 173) + 28?
-94
What is the value of 70 + -77 + (1 - -26 - (11 - 8) - -3)?
20
Calculate -140 - (1 + 5 - (318 - 295)).
-123
What is 179 + -90 + -37 + -2 + (11 - -2)?
63
Evaluate -1 + -5 + -4 + 0 - (85 - 19).
-76
What is 12 - (1 + 7 + -4 + 11)?
-3
-39 + -18 + (-2 - (26 - 27))
-58
Evaluate 3 - (15 + 3 + (5 - 10) - (66 - 65)).
-9
What is 41 + -52 - ((4 - (3 - 2)) + 17)?
-31
Evaluate (405 - 337) + 1 + -43.
26
Evaluate 176 + -103 - (32 - -43).
-2
Evaluate (-5 - -2 - 72) + 1583 + -1589.
-81
Evaluate 12 + 22 + -53 + 3 + (8 - 1) + -3.
-12
Calculate 5 + (-5 - (1 + -2)) + (-25 - (10 + -48)).
14
What is the value of 9 - ((23 + (23 - 42) - 31) + (-1 - -10))?
27
What is the value of -12 - (-11 + (5 - 3) - -18 - 16) - -53?
48
What is 70 - (36 + 96) - (3 - 9)?
-56
Evaluate 2 - (-9 - -4 - (-6 - (9 - 4))).
-4
Calculate (1 - -31) + -1321 + 1295.
6
What is 31 + -45 + 5 + -8 + 33 + 58?
74
56 - (-10 + (1 - 5) + -38 + (62 - 24))
70
What is (1 - -2) + (4 + -1 - (-18 + 26 + 3))?
-5
What is the value of 9 + (14 - 31 - 14)?
-22
Evaluate -34 + -436 + 456 - ((2 + -4 - 128) + 1).
115
Evaluate (99 - (3 - -3)) + (-39 + 18 + 22 - 6).
88
Evaluate -1864 + 1839 + -26 + -3 + 1.
-53
-8 + (9 - 15) + 16 - (26 - 44)
20
Evaluate 1 + (19 + -26 - -10 - 21) + -54.
-71
What is the value of -72 + (222 - (-88 + 111))?
127
Evaluate -67 - (-53 - (-4 + -18)).
-36
Evaluate (-3 - -8) + -3 + (1 - -6) + (-111 - -186).
84
Calculate -2 + -32 + 12 + -1 + 0 + 13.
-10
What is the value of (-90 - (50 + -184)) + 33?
77
Evaluate 5 - -40 - (-66 + -3).
114
Evaluate -4 + (9 + -46 - -18) - -69.
46
(-14 - (-25 - (-12 - -9))) + -37
-29
What is -9 - ((-558 + 410 - (25 + 1)) + 26)?
139
-1 + 43 + (-30 - -25)
37
Calculate 16 + (-21 - (15 - -13)) + 14.
-19
What is -3 + (14 - -70) + 39?
120
What is 7 - (0 - 0 - (-45 + (4 - 1)))?
-35
Calculate (22 - 67) + (6 - (7 + -7 - -2)).
-41
(21 + 22 - 23) + -53
-33
Calculate (11 - 24) + 10 + -38 - -14 - (2 + 0).
-29
89 + (-222 - (-7 - 60))
-66
Calculate 0 + 2 + -5 - (-26 - (11 + -65)).
-31
What is the value of -23 + -3 + -153 + 118 - ((-1 - -4) + -4)?
-60
Calculate (-24 - (-7 - 26)) + (-6 - -10).
13
Calculate -17 + (32 - 16) + -27.
-28
-63 + 80 - (24 - 11 - 40)
44
Evaluate -22 - ((17 - (-18 + 21) - 7) + 33).
-62
What is the value of 5 + (7 - 0) - (871 + -958)?
99
(62 - (-1 - -10)) + (-4 - (2 - -5))
42
What is -35 - (2 - -12 - 45)?
-4
What is the value of (-1 - (47 + -32 + -24)) + (0 - 86)?
-78
-52 - (-8 - -6 - (-12 + -10 + 12))
-60
Evaluate -1 + ((-9 - -5) + 5 - -3) + -9.
-6
What is the value of (-111 - (-30 + -169)) + -87?
1
(19 - (70 - 7)) + 12 + 4
-28
What is -48 - (-185 - (135 + -298))?
-26
Calculate 9 + -2 - ((43 - 10) + (-76 - -65)).
-15
Evaluate 7 + 2 - 2 - (26 + -9 - -2).
-12
Evaluate -2 + 36 + (4 - (2 + -4) - 2).
38
Calculate -78 + (17 - (-8 + -19)).
-34
Evaluate 7 - (32 + (26 - 24 - 22)).
-5
(-55 - -37) + -4 + -4 + 9
-17
What is -1 + (-3 - (-6 + -15 - -9)) + -52?
-44
What is 34 - (375 - 333 - (-1 - -39))?
30
Calculate 22 - (22 + -50) - 38.
12
45 - -55 - (122 - 36)
14
-2 + (0 - -2) + -2 - (14 + -235 + 173)
46
What is the value of 92 - (-8 - 141 - -156)?
85
What is the value of -31 + (-47 - -85 - -64)?
71
Evaluate 4 + -13 + (-1 - 41) + 9 + 6.
-36
Calculate 16946 + -16933 - ((2 - 4 - -64) + -2).
-47
What is the value of 40 + -76 + 6 + (-6 - 4) + 3 + 1?
-36
Evaluate 56 - (4 + 57 + 21).
-26
What is 5 + 4 + (-193 - -200) + (0 - 0) + 1?
17
Calculate -7 - (-46 + (37 - 16) + (-3 - (0 + 1))).
22
-33 - (-2 + 3) - (123 - 125 - (4 + -3))
-31
Calculate 165 + -92 - 84 - 12.
-23
What is -1247 + 1142 - (-162 - 0)?
57
What is -26 + -68 + 268 - 96?
78
What is (762 - 617) + 2 + -62?
85
What is 28 + (9 - ((-1 - -9) + 98 + -101 - -11))?
21
Calculate 7 + 19 - (-2 + 4) - ((8 - -2) + -7).
21
Calculate 14 + 7 + -32 - (61 + -51).
-21
What is 1 - 1 - ((26 - 5) + 5 + -12)?
-14
(1851 - 1983) + (-4 - -241)
105
Calculate (19 - 15 - (4 + -1)) + -39 + 68 + 7.
37
Evaluate 3 - 28 - (46 - 36).
-35
Calculate -1 - -1 - -23 - (1033 - 1031) - -11.
32
Calculate -22 + 18 - ((0 - 78) + 1 + 783 + -789).
79
-251 + 165 + (19 - -89)
22
Calculate -3 - 21 - 3 - (-1642 + 1742).
-127
Evaluate 49 - (35 + -13 + -13).
40
What is the value of -50 + 16 + -25 + -3 + (3 - -4)?
-55
Evaluate (1 - ((-2 - 0) + (-214 - -189))) + -2.
26
Evaluate -1 - 46 - (16 + 1 - (1022 - 